 2294875.
5, 11, 1669
List the prime factors of 258037.
13, 23, 863
What are the prime factors of 15399986?
2, 7, 29, 83, 457
List the prime factors of 10426490.
2, 5, 257, 4057
What are the prime factors of 449293?
13, 17, 19, 107
List the prime factors of 35433931.
13, 101, 26987
What are the prime factors of 4809753?
3, 13, 71, 193
List the prime factors of 581822.
2, 421, 691
What are the prime factors of 7653380?
2, 5, 7, 54667
List the prime factors of 3739112.
2, 13, 157, 229
List the prime factors of 200280.
2, 3, 5, 1669
What are the prime factors of 1213164?
2, 3, 47, 239
List the prime factors of 25674741.
3, 43, 66343
What are the prime factors of 1029491?
59, 17449
List the prime factors of 1316238.
2, 3, 7, 11, 37
What are the prime factors of 263147?
359, 733
What are the prime factors of 1021072?
2, 13, 4909
What are the prime factors of 1197255?
3, 5, 79817
What are the prime factors of 9483048?
2, 3, 43, 1021
What are the prime factors of 15126417?
3, 41, 40993
What are the prime factors of 2150879?
2150879
List the prime factors of 3374.
2, 7, 241
List the prime factors of 1403373.
3, 37, 47, 269
List the prime factors of 1090914.
2, 3, 11, 16529
What are the prime factors of 544478?
2, 11, 24749
List the prime factors of 1695127.
7, 242161
What are the prime factors of 2792985?
3, 5, 13, 14323
What are the prime factors of 461550?
2, 3, 5, 17, 181
What are the prime factors of 3457197?
3, 384133
What are the prime factors of 172506?
2, 3, 28751
What are the prime factors of 15187520?
2, 5, 31, 1531
List the prime factors of 9152609.
1879, 4871
List the prime factors of 624624.
2, 3, 7, 11, 13
List the prime factors of 10507817.
19, 553043
List the prime factors of 273063.
3, 7, 13003
What are the prime factors of 16546907?
13, 29, 43891
What are the prime factors of 5617439?
449, 12511
List the prime factors of 502161.
3, 11, 15217
What are the prime factors of 928576?
2, 11, 1319
List the prime factors of 413006.
2, 11, 18773
List the prime factors of 387379.
17, 22787
List the prime factors of 115337.
115337
What are the prime factors of 32362?
2, 11, 1471
What are the prime factors of 42024?
2, 3, 17, 103
What are the prime factors of 158104?
2, 19763
List the prime factors of 9736955.
5, 1947391
What are the prime factors of 2067519?
3, 103, 6691
What are the prime factors of 426623?
233, 1831
What are the prime factors of 6829303?
13, 19, 43, 643
List the prime factors of 323763.
3, 11, 9811
What are the prime factors of 107521?
19, 5659
What are the prime factors of 7852760?
2, 5, 47, 4177
List the prime factors of 2523499.
11, 229409
List the prime factors of 209190.
2, 3, 5, 19, 367
List the prime factors of 57937.
11, 23, 229
What are the prime factors of 327678?
2, 3, 13, 4201
What are the prime factors of 677904?
2, 3, 29, 487
List the prime factors of 4096392.
2, 3, 23, 41, 181
What are the prime factors of 2140435?
5, 11, 38917
List the prime factors of 25689705.
3, 5, 43, 39829
List the prime factors of 3319711.
967, 3433
List the prime factors of 31229.
11, 17, 167
List the prime factors of 2686190.
2, 5, 13, 20663
What are the prime factors of 15382227?
3, 7, 269, 389
What are the prime factors of 2060019?
3, 13, 5869
What are the prime factors of 757213?
113, 6701
List the prime factors of 1142180.
2, 5, 13, 23, 191
List the prime factors of 935218.
2, 19, 24611
What are the prime factors of 64390?
2, 5, 47, 137
List the prime factors of 89559.
3, 31, 107
List the prime factors of 102741.
3, 23, 1489
What are the prime factors of 149170?
2, 5, 7, 2131
List the prime factors of 2292863.
19, 120677
List the prime factors of 300770.
2, 5, 19, 1583
List the prime factors of 211364.
2, 53, 997
What are the prime factors of 1083787?
61, 109, 163
List the prime factors of 335130.
2, 3, 5, 11171
What are the prime factors of 434369?
13, 33413
What are the prime factors of 243351?
3, 9013
What are the prime factors of 926712?
2, 3, 61, 211
What are the prime factors of 965079?
3, 157, 683
List the prime factors of 3000090.
2, 3, 5, 100003
What are the prime factors of 7203982?
2, 3601991
List the prime factors of 1768498.
2, 73, 12113
List the prime factors of 1452380.
2, 5, 101, 719
What are the prime factors of 85785?
3, 5, 7, 19, 43
What are the prime factors of 490118?
2, 269, 911
What are the prime factors of 260536?
2, 29, 1123
List the prime factors of 262283.
7, 89, 421
List the prime factors of 1635270.
2, 3, 5, 7, 13, 599
What are the prime factors of 1133654?
2, 19, 29833
List the prime factors of 21366229.
17, 1256837
What are the prime factors of 1178400?
2, 3, 5, 491
List the prime factors of 1898046.
2, 3, 35149
What are the prime factors of 519873?
3, 173291
What are the prime factors of 26703093?
3, 8901031
List the prime factors of 1263701.
1263701
What are the prime factors of 3565064?
2, 445633
What are the prime factors of 17021291?
7, 137, 17749
List the prime factors of 2521065.
3, 5, 168071
List the prime factors of 616045.
5, 123209
List the prime factors of 1749248.
2, 6833
List the prime factors of 3693639.
3, 23, 199, 269
What are the prime factors of 1911965?
5, 11, 34763
List the prime factors of 1286349.
3, 521, 823
List the prime factors of 5907006.
2, 3, 7, 5209
What are the prime factors of 275446?
2, 137723
What are the prime factors of 16099345?
5, 571, 5639
List the prime factors of 3590269.
173, 20753
What are the prime factors of 26203619?
13, 11927
What are the prime factors of 43273?
109, 397
What are the prime factors of 2405885?
5, 481177
List the prime factors of 1068144.
2, 3, 7, 11, 17
List the prime factors of 1755703.
89, 19727
List the prime factors of 560594.
2, 280297
List the prime factors of 3764193.
3, 1254731
List the prime factors of 224129.
224129
What are the prime factors of 268707?
3, 43, 2083
What are the prime factors of 291266?
2, 145633
What are the prime factors of 12662?
2, 13, 487
What are the prime factors of 152968?
2, 19121
What are the prime factors of 381398?
2, 190699
List the prime factors of 82388.
2, 43, 479
List the prime factors of 1755782.
2, 7, 83, 1511
List the prime factors of 167505.
3, 5, 13, 859
What are the prime factors of 700765?
5, 13, 10781
What are the prime factors of 12888858?
2, 3, 53, 40531
What are the prime factors of 23582571?
3, 103, 167, 457
What are the prime factors of 275752?
2, 34469
List the prime factors of 311358.
2, 3, 51893
What are the prime factors of 885648?
2, 3, 18451
What are the prime factors of 6935?
5, 19, 73
List the prime factors of 12834787.
7, 73, 25117
List the prime factors of 1854893.
1854893
What are the prime factors of 2162413?
11, 196583
List the prime factors of 520139.
113, 4603
List the prime factors of 189752.
2, 23719
What are the prime factors of 338784?
2, 3, 3529
List the prime factors of 220522.
2, 110261
List the prime factors of 616146.
2, 3, 103, 997
What are the prime factors of 21237724?
2, 167, 31793
List the prime factors of 31357262.
2, 449, 34919
List the prime factors of 2863291.
2863291
What are the prime factors of 324110?
2, 5, 32411
What are the prime factors of 28106081?
28106081
List the prime factors of 381960.
2, 3, 5, 1061
List the prime factors of 76937.
7, 29, 379
What are the prime factors of 3164060?
2, 5, 281, 563
List the prime factors of 114021.
3, 41, 103
List the prime factors of 1279223.
11, 116293
List the prime factors of 1425773.
17, 83869
List the prime factors of 268230.
2, 3, 5, 8941
What are the prime factors of 2314588?
2, 578647
List the prime factors of 3763.
53, 71
List the prime factors of 23148249.
3, 863, 8941
What are the prime factors of 270170?
2, 5, 27017
List the prime factors of 876571.
17, 51563
List the prime factors of 5080712.
2, 7, 13, 997
What are the prime factors of 698653?
698653
List the prime factors of 2458595.
5, 491719
What are the prime factors of 1467320?
2, 5, 36683
List the prime factors of 559157.
559157
What are the prime factors of 2167629?
3, 41, 17623
What are the prime factors of 65847?
3, 47, 467
What are the prime factors of 8943833?
8943833
List the prime factors of 286647.
3, 95549
List the prime factors of 104194.
2, 59, 883
What are the prime factors of 3084034?
2, 29, 53173
List the prime factors 